Let k(a) = -5*a**2 + 3*a + 4. Suppose 2*d + 21 = -5*b, 4*d + 21 = 2*b - 5*b. Give k(b).
-50
Let m(y) = 7*y**2 + 5*y + 3. Let a(z) = z**2 + 1. Let c(t) = 6*a(t) - m(t). Suppose 4*o - 7*o - 4*k - 11 = 0, 3*o + k = -14. Calculate c(o).
3
Let y(c) be the third derivative of -c**6/8 - c**5/30 - c**4/24 - 2*c**2. Let r = -10 + 13. Let s be (-12)/14 + r/(-21). Determine y(s).
14
Let p(o) be the second derivative of o**4/12 - 2*o**3/3 - 3*o**2 - o. Let b = -4725 + 4731. What is p(b)?
6
Let g(l) = 33*l**2 - l + 3 + 4*l - 35*l**2. Calculate g(-1).
-2
Let i(z) be the third derivative of -z**4/24 - 5*z**3/3 - 3*z**2. Let v be i(-10). Suppose v = -8*s + 9*s. Let o(y) = y**3 + y + 8. Determine o(s).
8
Let j(c) = c + 2. Let r(t) = 5*t + 28. Let d(s) = -4*j(s) + r(s). Give d(-16).
4
Let l(x) be the second derivative of -x**7/840 - 7*x**6/360 - x**5/120 + x**4/6 - 13*x**3/3 - 2*x. Let o(a) be the second derivative of l(a). What is o(-7)?
11
Let z(m) = -m**3 + 11*m**2 - 9*m - 10. Let f be z(10). Suppose 3*a = -d - 22, -a + f*a - d = 10. Let o(w) = -w**2 - 5*w. What is o(a)?
-6
Let x(v) be the first derivative of -v**5/20 - v**4/6 + v**3/2 - 2*v**2 + v - 3. Let f(d) be the first derivative of x(d). Give f(-3).
-4
Let b = -89 - -100. Let w(l) = -2*l + 11. Calculate w(b).
-11
Let m(o) be the first derivative of -17*o**4/4 - o**3/3 - o**2/2 + o - 173. Let x(k) = -k + 4. Let d be x(3). Determine m(d).
-18
Let a(r) = -6*r**3 + 2*r**2 - r. Let o(s) = s**2 + 17*s + 21. Let w be o(-16). Suppose -g - w = -6*g. What is a(g)?
-5
Let y(l) = -l - 1. Let v(a) be the first derivative of -a**3 + 7*a**2/2 + 7*a + 15. Let o(m) = v(m) + 6*y(m). What is o(-1)?
-3
Suppose r = -3, 2*r + 109 - 103 = -3*d. Let t(c) = -c**2 + c - 12. Determine t(d).
-12
Let d(o) = 3*o - 6. Suppose 0*b - 18 = 2*b + 2*a, -3*b + 4*a + 8 = 0. What is d(b)?
-18
Let g(m) be the third derivative of m**6/120 - m**5/12 - 5*m**4/12 + 5*m**3/2 - 122*m**2. Calculate g(6).
-9
Suppose -r + 3 = 7. Let q(f) = -15*f**2 - 206*f**3 + 10*f**2 + 0*f + 1 + 205*f**3 - 5*f. What is q(r)?
5
Let l be 40/18 - 4/18. Let o(f) = 6*f**l - 8*f + 3 + 10*f - 2. Suppose -1 = 4*q + 3. Give o(q).
5
Let b(k) = k**3 + 8*k**2 - 2. Suppose 0 = -4*c - 3*z - 12 - 29, 0 = 3*c - 5*z + 9. Determine b(c).
-2
Let q(u) be the second derivative of -13*u - 5/12*u**4 + 0*u**2 + 1/6*u**3 + 1/20*u**5 + 0. Give q(5).
5
Let m(l) = -5*l - 2 + 4 + l**2 - 4. Let q be (-5)/(-1) + 58/(-58). What is m(q)?
-6
Let q(o) = -26*o + 20. Let v(c) = 9*c - 7. Suppose -2*y - 27 = -3*u + y, 5*u - 36 = 2*y. Let d(f) = u*q(f) + 17*v(f). Calculate d(-1).
4
Let q(h) = 6*h - 6. Let s(w) = w - 1. Let o(a) = -q(a) + 5*s(a). Give o(6).
-5
Let n = 1699 - 1697. Let w(d) = -31*d. What is w(n)?
-62
Let g(n) = -n**2 - n + 1. Suppose -5*o - 4*y = 2 - 14, 0 = -4*o + 4*y - 12. Suppose o = -2*s + 2*c - 4, 0 = s - 5*s + c - 14. What is g(s)?
-11
Let y(r) = -296*r + 7*r**2 + 12*r**2 - 21*r**2 + 287*r + 7 + 0. What is y(-8)?
-49
Let l be (-62)/155*(-30)/(-4). Let t(r) = -2*r**2 - 5*r - 3. Calculate t(l).
-6
Let v(m) = -2*m - 1. Let s(u) = 2*u**2 - 11*u + 43. Let k(c) = c**2 - 5*c + 22. Let z(q) = 5*k(q) - 3*s(q). Let y be z(5). Give v(y).
7
Let f = -11 - -16. Suppose -f*u - 2 = -m, -2*m - 3*u = m + 12. Let q(r) = 2*r - 10. Let b(a) = 2*a - 7. Let l(p) = 4*b(p) - 3*q(p). Calculate l(m).
-4
Let m = -91 - -98. Let a(q) = -q**2 + 8*q - 4. What is a(m)?
3
Let j be 36/(-84)*(1 + -8). Let z be (8/(-4))/1 + j. Let c(g) = g. Calculate c(z).
1
Let q(z) be the first derivative of -z**4/4 - 4*z**3/3 + 3*z**2 + 4*z + 42. Determine q(-5).
-1
Let q(d) be the second derivative of d**3/6 - d**2 - 16*d - 1. What is q(5)?
3
Let m(i) = -i - 5. Suppose -57*n = -64*n + 49. Determine m(n).
-12
Let w(c) = -c + 1. Let o be w(-5). Let t(j) be the second derivative of j**4/12 - 7*j**3/6 + 9*j**2/2 - 76*j. Calculate t(o).
3
Let q(u) be the first derivative of -u**4/24 - 7*u**3/6 - 29*u**2/2 + 12. Let b(r) be the second derivative of q(r). Calculate b(-4).
-3
Let h(b) = 2*b + 33 + 28 - 94 + 34. What is h(6)?
13
Suppose 4*j + 37 = 233. Let t be (-14)/j + 44/7. Let r(w) = -1 + 5*w**2 - t*w**2 + 2 - w**3 + w. Calculate r(-1).
0
Let a(l) be the second derivative of -l**7/840 - l**6/90 + 7*l**5/120 + l**4/6 - 7*l**3/3 - 28*l. Let t(q) be the second derivative of a(q). Determine t(-5).
-6
Let v(c) = c**3 - 6*c**2 + c - 1. Suppose s + 24 = 5*s. Let h be v(s). Let u be -9*(-2 + h/3). Let o(a) = 2*a**3 - 3*a**2 - 5*a + 4. Determine o(u).
16
Let f(j) = -2*j - 6. Let s be f(-4). Suppose -2*z = 10, -s*u - z + 2*z - 13 = 0. Let a(o) = o + 8. Determine a(u).
-1
Let k(a) = -a**3 - 10*a**2 + 2*a + 15. Let d(n) = -n**2 + 8*n + 170. Let r be d(18). Determine k(r).
-5
Suppose 2*j + 6 - 10 = 0. Let y(q) = -4 + 1 - 4 + j + 2*q. Give y(5).
5
Let r(c) = 2*c + 4. Let a be 0/(-3 + (-2 - -4)). Let g(v) be the third derivative of -v**5/60 - v**4/24 - v**3/2 - v**2. Let t be g(a). Determine r(t).
-2
Let a(g) = -335*g + 1679. Let c be a(5). Let l(z) = 5*z**2 - 10*z - 4. Let o(y) = 9*y**2 - 19*y - 8. Let f(d) = 7*l(d) - 4*o(d). Calculate f(c).
12
Let v(y) = 3*y - 20. Let l = 566 - 558. Calculate v(l).
4
Let z(r) = 3*r**2 + 1 + 357*r - 2*r**2 - 351*r. Let f(h) = h + 1. Let b be f(-5). Calculate z(b).
-7
Let z(u) = u + 3. Let g be z(-2). Let j(v) = -1 - 2*v - g + 5*v**2 + v**3 - 3. Let x(f) = -f**3 + 6*f**2 + 6*f + 2. Let k be x(7). Determine j(k).
5
Suppose 2*v + 1 = 5*f, v - 3*f = -5*f + 4. Let z(k) = -7*k + 0*k**3 + 4*k + k**3 - v + 2*k**2. What is z(-2)?
4
Let c(m) be the first derivative of 0*m**2 + 10 - 46*m + 5*m**2 - 4*m**2 + 42*m. What is c(5)?
6
Let b = 16 + -10. Let j(f) = -12*f + 11. Let t(a) = 23*a - 21. Let l(i) = b*t(i) + 11*j(i). Let p(n) = 5*n - 4. Let z(y) = 6*l(y) - 7*p(y). Determine z(4).
2
Let q(o) = 20*o**2 + 2*o + 6. Let y(n) = -17*n**2 - n - 5. Let w(s) = 5*q(s) + 6*y(s). Let h = 9 + -6. Suppose 0 = 4*i - 5*i + h. Determine w(i).
-6
Let o(r) = r**2 + 15*r - 14. Let z be o(-16). Let b(h) = -3*h - 3. Let y(k) = 2*k + 2. Let m(c) = 3*b(c) + 4*y(c). Determine m(z).
-3
Let g(x) = -x**3 + 7*x**2 - 3. Let z be g(7). Let r(o) = 3*o + 7. Let i be r(z). Let c(s) = -2*s**3 - 3*s**2 - 3*s. What is c(i)?
10
Let x(q) = q**3 + 6*q**2 - 7*q + 4. Let s be 14*(-3)/(24/4). Let n be x(s). Let w(k) = 1 - 6*k - n + 3. Give w(1).
-6
Let s(t) = t + 5. Let z(p) = 2*p + 10. Let b be (66/7)/1 - 102/238. Let u(l) = b*s(l) - 4*z(l). What is u(5)?
10
Let u(i) = 2*i**3 - 1 + 4*i**2 - 6*i - 2*i**2 - i**3. Suppose -2*r + 24 = -8*r. What is u(r)?
-9
Suppose 17*k + 4*k - 126 = 0. Let f(b) = -14*b - 29. Let w(n) = -5*n - 10. Let u(a) = 3*f(a) - 8*w(a). Calculate u(k).
-19
Let u = -17 + 6. Let n(g) = g + 16. Let r be n(u). Let y(f) = -5*f + r*f + 2 - f. Calculate y(-3).
5
Let g(h) = -2*h + 15. Let u(r) = 1. Let p(l) = -g(l) - 2*u(l). Let t be p(8). Let y(z) = -2*z**3 - z - 1. Give y(t).
2
Let g(r) be the second derivative of -1/60*r**5 - 5/24*r**4 + 4*r + 0 + 4*r**2 + 1/6*r**3. Let k(c) be the first derivative of g(c). What is k(-4)?
5
Let w(z) be the second derivative of -5*z**3/6 - 5*z**2/2 - 42*z + 3. Calculate w(-2).
5
Let w = -14 - -9. Let f(j) = -j**2 - j + 3. Let t be f(0). Let p(i) = -3 + 6 + t*i - 2 + 4. Determine p(w).
-10
Let q(i) = 2*i**3 + 4*i**2 + 3*i. Let d = -33 - -33. Suppose -p + 2 = -t - d*t, -3*t - 12 = 0. Determine q(p).
-6
Let h(v) be the first derivative of -v**3/3 - 17*v**2/2 + 4*v - 1028. Determine h(-17).
4
Let x(z) = -7*z**3 + z**3 + 5*z**3 - 8*z + 10*z**2 + 6. Let m(u) = 5*u + 34. Let k be m(-5). Determine x(k).
15
Let v(b) = -b**3 + 5*b**2 + 3*b - 26. Let m(r) = r**2 - 4*r - 28. Let x be m(-4). What is v(x)?
2
Let x(p) = 743*p - 4 + p**2 - 2*p**2 - 751*p. Let t be 2*(21/6 - 2). Let i = t - 9. Calculate x(i).
8
Let c(m) = -m**3 - m + 3. Let z be c(0). Let l(h) = -13*h**2 + 8*h**2 - 7*h + 10*h**2 + h**z - 4. Give l(-6).
2
Let n(b) = -2*b**3 - b**2 + b + 2. Let s = 11 + -12. Let x be n(s). Let p(r) = -3*r**2 + r - 2. What is p(x)?
-12
Let o(d) = -d - 1. Suppose -2*y - 4*r = -14, 0 = 12*y - 17*y - r + 8. Calculate o(y).
-2
Let h(r) = -r**3 - 8*r**2 + 3*r + 3. Let p = -346 + 338. Determine h(p).
-21
Let g(p) = -3*p**2 - 2*p + 9. Let f be g(-2). Let a(j) = -7*j - 2. Determine a(f).
-9
Let u(a) = a**3 - 5 - a**2 - 3*a + 2 + 0*a. Suppose f -